{"id":124,"date":"2018-09-24T11:00:07","date_gmt":"2018-09-24T11:00:07","guid":{"rendered":"http:\/\/www.resen.cat\/?page_id=124"},"modified":"2022-09-09T07:22:22","modified_gmt":"2022-09-09T07:22:22","slug":"electricidad","status":"publish","type":"page","link":"https:\/\/www.resen.cat\/?page_id=124","title":{"rendered":"Electricidad"},"content":{"rendered":"<table>\n<tbody>\n<tr>\n<td width=\"60%\">Realizamos todo tipo de instalaciones y reparaciones dom\u00e9sticas e industriales.<p><\/p>\n<p>Boletines y Certificados El\u00e9ctricos.<\/p>\n<p>Certificados de Eficiencia Energ\u00e9tica.<\/p>\n<p>Venta e instalaci\u00f3n de sistemas de climatizaci\u00f3n para aire frio y bombas de calos.<\/p>\n<p>Instalamos T\u00e9rmos el\u00e9ctricos para agua caliente.<\/p>\n<p>Eficiencia energ\u00e9tica y energ\u00edas renovables.<\/p>\n<p>Servicios T\u00e9cnicos Presenciales (STP), mantenimiento de instalaciones y equipos de gas y el\u00e9ctricos.<\/p>\n<\/td>\n<td><a href=\"http:\/\/www.resen.cat\/wp-content\/uploads\/2021\/03\/instalaciones.png\"><img loading=\"lazy\" decoding=\"async\" class=\"alignright wp-image-186 size-medium\" src=\"http:\/\/www.resen.cat\/wp-content\/uploads\/2021\/03\/instalaciones-300x277.png\" alt=\"\" width=\"300\" height=\"277\" srcset=\"https:\/\/www.resen.cat\/wp-content\/uploads\/2021\/03\/instalaciones-300x277.png 300w, https:\/\/www.resen.cat\/wp-content\/uploads\/2021\/03\/instalaciones.png 574w\" sizes=\"(max-width: 300px) 100vw, 300px\" \/><\/a><\/td>\n<\/tr>\n<\/tbody>\n<\/table>\n\n\n<figure class=\"wp-block-gallery columns-1 is-cropped wp-block-gallery-1 is-layout-flex wp-block-gallery-is-layout-flex\"><ul class=\"blocks-gallery-grid\"><li class=\"blocks-gallery-item\"><figure><img loading=\"lazy\" decoding=\"async\" width=\"800\" height=\"500\" src=\"http:\/\/www.resen.cat\/wp-content\/uploads\/2022\/09\/AF_ENDESA_canales_800x500_CASTELLANO_SEPTIEMBRE_INF.jpg\" alt=\"\" data-id=\"356\" data-full-url=\"http:\/\/www.resen.cat\/wp-content\/uploads\/2022\/09\/AF_ENDESA_canales_800x500_CASTELLANO_SEPTIEMBRE_INF.jpg\" data-link=\"http:\/\/www.resen.cat\/?attachment_id=356\" class=\"wp-image-356\" srcset=\"https:\/\/www.resen.cat\/wp-content\/uploads\/2022\/09\/AF_ENDESA_canales_800x500_CASTELLANO_SEPTIEMBRE_INF.jpg 800w, https:\/\/www.resen.cat\/wp-content\/uploads\/2022\/09\/AF_ENDESA_canales_800x500_CASTELLANO_SEPTIEMBRE_INF-300x188.jpg 300w, https:\/\/www.resen.cat\/wp-content\/uploads\/2022\/09\/AF_ENDESA_canales_800x500_CASTELLANO_SEPTIEMBRE_INF-768x480.jpg 768w\" sizes=\"(max-width: 800px) 100vw, 800px\" \/><\/figure><\/li><\/ul><\/figure>\n","protected":false},"excerpt":{"rendered":"<p>Realizamos todo tipo de instalaciones y reparaciones dom\u00e9sticas e industriales. Boletines y Certificados El\u00e9ctricos. Certificados de Eficiencia Energ\u00e9tica. Venta e instalaci\u00f3n de sistemas de climatizaci\u00f3n para aire frio y bombas de calos. Instalamos T\u00e9rmos el\u00e9ctricos para agua caliente. Eficiencia energ\u00e9tica y energ\u00edas renovables. Servicios T\u00e9cnicos Presenciales (STP), mantenimiento de instalaciones y equipos de gas y<span class=\"post-excerpt-end\">&hellip;<\/span><\/p>\n<p class=\"more-link\"><a href=\"https:\/\/www.resen.cat\/?page_id=124\" class=\"themebutton\">Leer m\u00e1s<\/a><\/p>\n","protected":false},"author":1,"featured_media":0,"parent":0,"menu_order":0,"comment_status":"closed","ping_status":"closed","template":"page-full.php","meta":{"footnotes":""},"yoast_head":"<!-- This site is optimized with the Yoast SEO plugin v22.2 - https:\/\/yoast.com\/wordpress\/plugins\/seo\/ -->\n<title>Electricidad - Resen<\/title>\n<meta name=\"robots\" content=\"index, follow, max-snippet:-1, max-image-preview:large, max-video-preview:-1\" \/>\n<link rel=\"canonical\" href=\"http:\/\/www.resen.cat\/?page_id=124\" \/>\n<meta property=\"og:locale\" content=\"es_ES\" \/>\n<meta property=\"og:type\" content=\"article\" \/>\n<meta property=\"og:title\" content=\"Electricidad - Resen\" \/>\n<meta property=\"og:description\" content=\"Realizamos todo tipo de instalaciones y reparaciones dom\u00e9sticas e industriales. Boletines y Certificados El\u00e9ctricos. Certificados de Eficiencia Energ\u00e9tica. Venta e instalaci\u00f3n de sistemas de climatizaci\u00f3n para aire frio y bombas de calos. Instalamos T\u00e9rmos el\u00e9ctricos para agua caliente. Eficiencia energ\u00e9tica y energ\u00edas renovables. Servicios T\u00e9cnicos Presenciales (STP), mantenimiento de instalaciones y equipos de gas y&hellip;Leer m\u00e1s\" \/>\n<meta property=\"og:url\" content=\"http:\/\/www.resen.cat\/?page_id=124\" \/>\n<meta property=\"og:site_name\" content=\"Resen\" \/>\n<meta property=\"article:modified_time\" content=\"2022-09-09T07:22:22+00:00\" \/>\n<meta property=\"og:image\" content=\"http:\/\/www.resen.cat\/wp-content\/uploads\/2021\/03\/instalaciones-300x277.png\" \/>\n<meta name=\"twitter:card\" content=\"summary_large_image\" \/>\n<script type=\"application\/ld+json\" class=\"yoast-schema-graph\">{\"@context\":\"https:\/\/schema.org\",\"@graph\":[{\"@type\":\"WebPage\",\"@id\":\"http:\/\/www.resen.cat\/?page_id=124\",\"url\":\"http:\/\/www.resen.cat\/?page_id=124\",\"name\":\"Electricidad - Resen\",\"isPartOf\":{\"@id\":\"http:\/\/www.resen.cat\/#website\"},\"primaryImageOfPage\":{\"@id\":\"http:\/\/www.resen.cat\/?page_id=124#primaryimage\"},\"image\":{\"@id\":\"http:\/\/www.resen.cat\/?page_id=124#primaryimage\"},\"thumbnailUrl\":\"http:\/\/www.resen.cat\/wp-content\/uploads\/2021\/03\/instalaciones-300x277.png\",\"datePublished\":\"2018-09-24T11:00:07+00:00\",\"dateModified\":\"2022-09-09T07:22:22+00:00\",\"breadcrumb\":{\"@id\":\"http:\/\/www.resen.cat\/?page_id=124#breadcrumb\"},\"inLanguage\":\"es\",\"potentialAction\":[{\"@type\":\"ReadAction\",\"target\":[\"http:\/\/www.resen.cat\/?page_id=124\"]}]},{\"@type\":\"ImageObject\",\"inLanguage\":\"es\",\"@id\":\"http:\/\/www.resen.cat\/?page_id=124#primaryimage\",\"url\":\"https:\/\/www.resen.cat\/wp-content\/uploads\/2021\/03\/instalaciones.png\",\"contentUrl\":\"https:\/\/www.resen.cat\/wp-content\/uploads\/2021\/03\/instalaciones.png\",\"width\":574,\"height\":530},{\"@type\":\"BreadcrumbList\",\"@id\":\"http:\/\/www.resen.cat\/?page_id=124#breadcrumb\",\"itemListElement\":[{\"@type\":\"ListItem\",\"position\":1,\"name\":\"Portada\",\"item\":\"http:\/\/www.resen.cat\/\"},{\"@type\":\"ListItem\",\"position\":2,\"name\":\"Electricidad\"}]},{\"@type\":\"WebSite\",\"@id\":\"http:\/\/www.resen.cat\/#website\",\"url\":\"http:\/\/www.resen.cat\/\",\"name\":\"Resen\",\"description\":\"Realizaci\u00f3n de estudios y servicios energeticos\",\"potentialAction\":[{\"@type\":\"SearchAction\",\"target\":{\"@type\":\"EntryPoint\",\"urlTemplate\":\"http:\/\/www.resen.cat\/?s={search_term_string}\"},\"query-input\":\"required name=search_term_string\"}],\"inLanguage\":\"es\"}]}<\/script>\n<!-- \/ Yoast SEO plugin. -->","yoast_head_json":{"title":"Electricidad - Resen","robots":{"index":"index","follow":"follow","max-snippet":"max-snippet:-1","max-image-preview":"max-image-preview:large","max-video-preview":"max-video-preview:-1"},"canonical":"http:\/\/www.resen.cat\/?page_id=124","og_locale":"es_ES","og_type":"article","og_title":"Electricidad - Resen","og_description":"Realizamos todo tipo de instalaciones y reparaciones dom\u00e9sticas e industriales. Boletines y Certificados El\u00e9ctricos. Certificados de Eficiencia Energ\u00e9tica. Venta e instalaci\u00f3n de sistemas de climatizaci\u00f3n para aire frio y bombas de calos. Instalamos T\u00e9rmos el\u00e9ctricos para agua caliente. Eficiencia energ\u00e9tica y energ\u00edas renovables. Servicios T\u00e9cnicos Presenciales (STP), mantenimiento de instalaciones y equipos de gas y&hellip;Leer m\u00e1s","og_url":"http:\/\/www.resen.cat\/?page_id=124","og_site_name":"Resen","article_modified_time":"2022-09-09T07:22:22+00:00","og_image":[{"url":"http:\/\/www.resen.cat\/wp-content\/uploads\/2021\/03\/instalaciones-300x277.png"}],"twitter_card":"summary_large_image","schema":{"@context":"https:\/\/schema.org","@graph":[{"@type":"WebPage","@id":"http:\/\/www.resen.cat\/?page_id=124","url":"http:\/\/www.resen.cat\/?page_id=124","name":"Electricidad - Resen","isPartOf":{"@id":"http:\/\/www.resen.cat\/#website"},"primaryImageOfPage":{"@id":"http:\/\/www.resen.cat\/?page_id=124#primaryimage"},"image":{"@id":"http:\/\/www.resen.cat\/?page_id=124#primaryimage"},"thumbnailUrl":"http:\/\/www.resen.cat\/wp-content\/uploads\/2021\/03\/instalaciones-300x277.png","datePublished":"2018-09-24T11:00:07+00:00","dateModified":"2022-09-09T07:22:22+00:00","breadcrumb":{"@id":"http:\/\/www.resen.cat\/?page_id=124#breadcrumb"},"inLanguage":"es","potentialAction":[{"@type":"ReadAction","target":["http:\/\/www.resen.cat\/?page_id=124"]}]},{"@type":"ImageObject","inLanguage":"es","@id":"http:\/\/www.resen.cat\/?page_id=124#primaryimage","url":"https:\/\/www.resen.cat\/wp-content\/uploads\/2021\/03\/instalaciones.png","contentUrl":"https:\/\/www.resen.cat\/wp-content\/uploads\/2021\/03\/instalaciones.png","width":574,"height":530},{"@type":"BreadcrumbList","@id":"http:\/\/www.resen.cat\/?page_id=124#breadcrumb","itemListElement":[{"@type":"ListItem","position":1,"name":"Portada","item":"http:\/\/www.resen.cat\/"},{"@type":"ListItem","position":2,"name":"Electricidad"}]},{"@type":"WebSite","@id":"http:\/\/www.resen.cat\/#website","url":"http:\/\/www.resen.cat\/","name":"Resen","description":"Realizaci\u00f3n de estudios y servicios energeticos","potentialAction":[{"@type":"SearchAction","target":{"@type":"EntryPoint","urlTemplate":"http:\/\/www.resen.cat\/?s={search_term_string}"},"query-input":"required name=search_term_string"}],"inLanguage":"es"}]}},"_links":{"self":[{"href":"https:\/\/www.resen.cat\/index.php?rest_route=\/wp\/v2\/pages\/124"}],"collection":[{"href":"https:\/\/www.resen.cat\/index.php?rest_route=\/wp\/v2\/pages"}],"about":[{"href":"https:\/\/www.resen.cat\/index.php?rest_route=\/wp\/v2\/types\/page"}],"author":[{"embeddable":true,"href":"https:\/\/www.resen.cat\/index.php?rest_route=\/wp\/v2\/users\/1"}],"replies":[{"embeddable":true,"href":"https:\/\/www.resen.cat\/index.php?rest_route=%2Fwp%2Fv2%2Fcomments&post=124"}],"version-history":[{"count":17,"href":"https:\/\/www.resen.cat\/index.php?rest_route=\/wp\/v2\/pages\/124\/revisions"}],"predecessor-version":[{"id":357,"href":"https:\/\/www.resen.cat\/index.php?rest_route=\/wp\/v2\/pages\/124\/revisions\/357"}],"wp:attachment":[{"href":"https:\/\/www.resen.cat\/index.php?rest_route=%2Fwp%2Fv2%2Fmedia&parent=124"}],"curies":[{"name":"wp","href":"https:\/\/api.w.org\/{rel}","templated":true}]}}